{"id":1773,"date":"2020-11-14T17:17:25","date_gmt":"2020-11-14T16:17:25","guid":{"rendered":"https:\/\/klaudijadent.com\/webshop\/?post_type=product&#038;p=1773"},"modified":"2023-08-11T12:41:59","modified_gmt":"2023-08-11T11:41:59","slug":"smart-naslon-za-ruku","status":"publish","type":"product","link":"https:\/\/klaudijadent.com\/webshop\/proizvod\/smart-naslon-za-ruku\/","title":{"rendered":"SMART naslon za ruku"},"content":{"rendered":"<p>Opcije : lijeva i desna<br \/>\nVisina podesiva.<br \/>\nDostupno samo u crnoj boji.<br \/>\nMo\u017ee se ugraditi u bilo koji Bambach model, \u010dak i naknadno.<\/p>\n","protected":false},"excerpt":{"rendered":"<p>Provodite li puno vremena naginju\u0107i se naprijed tijekom rada?<\/p>\n<p>Smart je izvrsna potpora onima kojima je potrebna dodatna stabilnost .<\/p>\n<p>\u2022 savr\u0161en za primjenu kod endodoncije i stomatolo\u0161ke kirurgije<br \/>\n\u2022 ubla\u017eava napetost u mi\u0161i\u0107ima ramena<\/p>\n<p>&nbsp;<\/p>\n","protected":false},"featured_media":1774,"template":"","meta":[],"product_brand":[],"product_cat":[97,103],"product_tag":[],"class_list":{"0":"post-1773","1":"product","2":"type-product","3":"status-publish","4":"has-post-thumbnail","6":"product_cat-dodaci","7":"product_cat-nasloni-za-ruke","8":"pa_strana-desni-smart","9":"pa_strana-lijevi-smart","11":"first","12":"instock","13":"taxable","14":"shipping-taxable","15":"purchasable","16":"product-type-variable"},"yoast_head":"<!-- This site is optimized with the Yoast SEO plugin v27.0 - https:\/\/yoast.com\/product\/yoast-seo-wordpress\/ -->\n<title>SMART naslon za ruku - BAMBACH<\/title>\n<meta name=\"description\" content=\"SMART naslon za ruku. Opcije : lijeva i desna. Visina podesiva. Dostupno u bojama umjetne ko\u017ee. Mo\u017ee se ugraditi u bilo koji Bambach model, \u010dak i naknadno.\" \/>\n<meta name=\"robots\" content=\"index, follow, max-snippet:-1, max-image-preview:large, max-video-preview:-1\" \/>\n<link rel=\"canonical\" href=\"https:\/\/klaudijadent.com\/webshop\/proizvod\/smart-naslon-za-ruku\/\" \/>\n<meta property=\"og:locale\" content=\"hr_HR\" \/>\n<meta property=\"og:type\" content=\"article\" \/>\n<meta property=\"og:title\" content=\"SMART naslon za ruku - BAMBACH\" \/>\n<meta property=\"og:description\" content=\"SMART naslon za ruku. Opcije : lijeva i desna. Visina podesiva. Dostupno u bojama umjetne ko\u017ee. Mo\u017ee se ugraditi u bilo koji Bambach model, \u010dak i naknadno.\" \/>\n<meta property=\"og:url\" content=\"https:\/\/klaudijadent.com\/webshop\/proizvod\/smart-naslon-za-ruku\/\" \/>\n<meta property=\"og:site_name\" content=\"BAMBACH\" \/>\n<meta property=\"article:modified_time\" content=\"2023-08-11T11:41:59+00:00\" \/>\n<meta property=\"og:image\" content=\"https:\/\/klaudijadent.com\/webshop\/wp-content\/uploads\/2020\/11\/SMART-naslon-za-ruku-pomicni.jpg\" \/>\n\t<meta property=\"og:image:width\" content=\"765\" \/>\n\t<meta property=\"og:image:height\" content=\"1200\" \/>\n\t<meta property=\"og:image:type\" content=\"image\/jpeg\" \/>\n<meta name=\"twitter:card\" content=\"summary_large_image\" \/>\n<meta name=\"twitter:label1\" content=\"Procijenjeno vrijeme \u010ditanja\" \/>\n\t<meta name=\"twitter:data1\" content=\"1 minuta\" \/>\n<script type=\"application\/ld+json\" class=\"yoast-schema-graph\">{\"@context\":\"https:\/\/schema.org\",\"@graph\":[{\"@type\":\"WebPage\",\"@id\":\"https:\/\/klaudijadent.com\/webshop\/proizvod\/smart-naslon-za-ruku\/\",\"url\":\"https:\/\/klaudijadent.com\/webshop\/proizvod\/smart-naslon-za-ruku\/\",\"name\":\"SMART naslon za ruku - BAMBACH\",\"isPartOf\":{\"@id\":\"https:\/\/klaudijadent.com\/webshop\/#website\"},\"primaryImageOfPage\":{\"@id\":\"https:\/\/klaudijadent.com\/webshop\/proizvod\/smart-naslon-za-ruku\/#primaryimage\"},\"image\":{\"@id\":\"https:\/\/klaudijadent.com\/webshop\/proizvod\/smart-naslon-za-ruku\/#primaryimage\"},\"thumbnailUrl\":\"https:\/\/klaudijadent.com\/webshop\/wp-content\/uploads\/2020\/11\/SMART-naslon-za-ruku-pomicni.jpg\",\"datePublished\":\"2020-11-14T16:17:25+00:00\",\"dateModified\":\"2023-08-11T11:41:59+00:00\",\"description\":\"SMART naslon za ruku. Opcije : lijeva i desna. Visina podesiva. Dostupno u bojama umjetne ko\u017ee. Mo\u017ee se ugraditi u bilo koji Bambach model, \u010dak i naknadno.\",\"breadcrumb\":{\"@id\":\"https:\/\/klaudijadent.com\/webshop\/proizvod\/smart-naslon-za-ruku\/#breadcrumb\"},\"inLanguage\":\"hr\",\"potentialAction\":[{\"@type\":\"ReadAction\",\"target\":[\"https:\/\/klaudijadent.com\/webshop\/proizvod\/smart-naslon-za-ruku\/\"]}]},{\"@type\":\"ImageObject\",\"inLanguage\":\"hr\",\"@id\":\"https:\/\/klaudijadent.com\/webshop\/proizvod\/smart-naslon-za-ruku\/#primaryimage\",\"url\":\"https:\/\/klaudijadent.com\/webshop\/wp-content\/uploads\/2020\/11\/SMART-naslon-za-ruku-pomicni.jpg\",\"contentUrl\":\"https:\/\/klaudijadent.com\/webshop\/wp-content\/uploads\/2020\/11\/SMART-naslon-za-ruku-pomicni.jpg\",\"width\":765,\"height\":1200},{\"@type\":\"BreadcrumbList\",\"@id\":\"https:\/\/klaudijadent.com\/webshop\/proizvod\/smart-naslon-za-ruku\/#breadcrumb\",\"itemListElement\":[{\"@type\":\"ListItem\",\"position\":1,\"name\":\"Home\",\"item\":\"https:\/\/klaudijadent.com\/webshop\/\"},{\"@type\":\"ListItem\",\"position\":2,\"name\":\"proizvodi\",\"item\":\"https:\/\/klaudijadent.com\/webshop\/proizvodi\/\"},{\"@type\":\"ListItem\",\"position\":3,\"name\":\"SMART naslon za ruku\"}]},{\"@type\":\"WebSite\",\"@id\":\"https:\/\/klaudijadent.com\/webshop\/#website\",\"url\":\"https:\/\/klaudijadent.com\/webshop\/\",\"name\":\"BAMBACH\",\"description\":\"BAMBACH Ergonomska sjedalica za Va\u0161e zdravlje\",\"publisher\":{\"@id\":\"https:\/\/klaudijadent.com\/webshop\/#organization\"},\"potentialAction\":[{\"@type\":\"SearchAction\",\"target\":{\"@type\":\"EntryPoint\",\"urlTemplate\":\"https:\/\/klaudijadent.com\/webshop\/?s={search_term_string}\"},\"query-input\":{\"@type\":\"PropertyValueSpecification\",\"valueRequired\":true,\"valueName\":\"search_term_string\"}}],\"inLanguage\":\"hr\"},{\"@type\":\"Organization\",\"@id\":\"https:\/\/klaudijadent.com\/webshop\/#organization\",\"name\":\"BAMBACH\",\"url\":\"https:\/\/klaudijadent.com\/webshop\/\",\"logo\":{\"@type\":\"ImageObject\",\"inLanguage\":\"hr\",\"@id\":\"https:\/\/klaudijadent.com\/webshop\/#\/schema\/logo\/image\/\",\"url\":\"https:\/\/klaudijadent.com\/webshop\/wp-content\/uploads\/2020\/11\/cropped-cropped-logo-klaudija-dent.png\",\"contentUrl\":\"https:\/\/klaudijadent.com\/webshop\/wp-content\/uploads\/2020\/11\/cropped-cropped-logo-klaudija-dent.png\",\"width\":150,\"height\":150,\"caption\":\"BAMBACH\"},\"image\":{\"@id\":\"https:\/\/klaudijadent.com\/webshop\/#\/schema\/logo\/image\/\"}}]}<\/script>\n<!-- \/ Yoast SEO plugin. -->","yoast_head_json":{"title":"SMART naslon za ruku - BAMBACH","description":"SMART naslon za ruku. Opcije : lijeva i desna. Visina podesiva. Dostupno u bojama umjetne ko\u017ee. Mo\u017ee se ugraditi u bilo koji Bambach model, \u010dak i naknadno.","robots":{"index":"index","follow":"follow","max-snippet":"max-snippet:-1","max-image-preview":"max-image-preview:large","max-video-preview":"max-video-preview:-1"},"canonical":"https:\/\/klaudijadent.com\/webshop\/proizvod\/smart-naslon-za-ruku\/","og_locale":"hr_HR","og_type":"article","og_title":"SMART naslon za ruku - BAMBACH","og_description":"SMART naslon za ruku. Opcije : lijeva i desna. Visina podesiva. Dostupno u bojama umjetne ko\u017ee. Mo\u017ee se ugraditi u bilo koji Bambach model, \u010dak i naknadno.","og_url":"https:\/\/klaudijadent.com\/webshop\/proizvod\/smart-naslon-za-ruku\/","og_site_name":"BAMBACH","article_modified_time":"2023-08-11T11:41:59+00:00","og_image":[{"width":765,"height":1200,"url":"https:\/\/klaudijadent.com\/webshop\/wp-content\/uploads\/2020\/11\/SMART-naslon-za-ruku-pomicni.jpg","type":"image\/jpeg"}],"twitter_card":"summary_large_image","twitter_misc":{"Procijenjeno vrijeme \u010ditanja":"1 minuta"},"schema":{"@context":"https:\/\/schema.org","@graph":[{"@type":"WebPage","@id":"https:\/\/klaudijadent.com\/webshop\/proizvod\/smart-naslon-za-ruku\/","url":"https:\/\/klaudijadent.com\/webshop\/proizvod\/smart-naslon-za-ruku\/","name":"SMART naslon za ruku - BAMBACH","isPartOf":{"@id":"https:\/\/klaudijadent.com\/webshop\/#website"},"primaryImageOfPage":{"@id":"https:\/\/klaudijadent.com\/webshop\/proizvod\/smart-naslon-za-ruku\/#primaryimage"},"image":{"@id":"https:\/\/klaudijadent.com\/webshop\/proizvod\/smart-naslon-za-ruku\/#primaryimage"},"thumbnailUrl":"https:\/\/klaudijadent.com\/webshop\/wp-content\/uploads\/2020\/11\/SMART-naslon-za-ruku-pomicni.jpg","datePublished":"2020-11-14T16:17:25+00:00","dateModified":"2023-08-11T11:41:59+00:00","description":"SMART naslon za ruku. Opcije : lijeva i desna. Visina podesiva. Dostupno u bojama umjetne ko\u017ee. Mo\u017ee se ugraditi u bilo koji Bambach model, \u010dak i naknadno.","breadcrumb":{"@id":"https:\/\/klaudijadent.com\/webshop\/proizvod\/smart-naslon-za-ruku\/#breadcrumb"},"inLanguage":"hr","potentialAction":[{"@type":"ReadAction","target":["https:\/\/klaudijadent.com\/webshop\/proizvod\/smart-naslon-za-ruku\/"]}]},{"@type":"ImageObject","inLanguage":"hr","@id":"https:\/\/klaudijadent.com\/webshop\/proizvod\/smart-naslon-za-ruku\/#primaryimage","url":"https:\/\/klaudijadent.com\/webshop\/wp-content\/uploads\/2020\/11\/SMART-naslon-za-ruku-pomicni.jpg","contentUrl":"https:\/\/klaudijadent.com\/webshop\/wp-content\/uploads\/2020\/11\/SMART-naslon-za-ruku-pomicni.jpg","width":765,"height":1200},{"@type":"BreadcrumbList","@id":"https:\/\/klaudijadent.com\/webshop\/proizvod\/smart-naslon-za-ruku\/#breadcrumb","itemListElement":[{"@type":"ListItem","position":1,"name":"Home","item":"https:\/\/klaudijadent.com\/webshop\/"},{"@type":"ListItem","position":2,"name":"proizvodi","item":"https:\/\/klaudijadent.com\/webshop\/proizvodi\/"},{"@type":"ListItem","position":3,"name":"SMART naslon za ruku"}]},{"@type":"WebSite","@id":"https:\/\/klaudijadent.com\/webshop\/#website","url":"https:\/\/klaudijadent.com\/webshop\/","name":"BAMBACH","description":"BAMBACH Ergonomska sjedalica za Va\u0161e zdravlje","publisher":{"@id":"https:\/\/klaudijadent.com\/webshop\/#organization"},"potentialAction":[{"@type":"SearchAction","target":{"@type":"EntryPoint","urlTemplate":"https:\/\/klaudijadent.com\/webshop\/?s={search_term_string}"},"query-input":{"@type":"PropertyValueSpecification","valueRequired":true,"valueName":"search_term_string"}}],"inLanguage":"hr"},{"@type":"Organization","@id":"https:\/\/klaudijadent.com\/webshop\/#organization","name":"BAMBACH","url":"https:\/\/klaudijadent.com\/webshop\/","logo":{"@type":"ImageObject","inLanguage":"hr","@id":"https:\/\/klaudijadent.com\/webshop\/#\/schema\/logo\/image\/","url":"https:\/\/klaudijadent.com\/webshop\/wp-content\/uploads\/2020\/11\/cropped-cropped-logo-klaudija-dent.png","contentUrl":"https:\/\/klaudijadent.com\/webshop\/wp-content\/uploads\/2020\/11\/cropped-cropped-logo-klaudija-dent.png","width":150,"height":150,"caption":"BAMBACH"},"image":{"@id":"https:\/\/klaudijadent.com\/webshop\/#\/schema\/logo\/image\/"}}]}},"_links":{"self":[{"href":"https:\/\/klaudijadent.com\/webshop\/wp-json\/wp\/v2\/product\/1773","targetHints":{"allow":["GET"]}}],"collection":[{"href":"https:\/\/klaudijadent.com\/webshop\/wp-json\/wp\/v2\/product"}],"about":[{"href":"https:\/\/klaudijadent.com\/webshop\/wp-json\/wp\/v2\/types\/product"}],"version-history":[{"count":8,"href":"https:\/\/klaudijadent.com\/webshop\/wp-json\/wp\/v2\/product\/1773\/revisions"}],"predecessor-version":[{"id":4919,"href":"https:\/\/klaudijadent.com\/webshop\/wp-json\/wp\/v2\/product\/1773\/revisions\/4919"}],"wp:featuredmedia":[{"embeddable":true,"href":"https:\/\/klaudijadent.com\/webshop\/wp-json\/wp\/v2\/media\/1774"}],"wp:attachment":[{"href":"https:\/\/klaudijadent.com\/webshop\/wp-json\/wp\/v2\/media?parent=1773"}],"wp:term":[{"taxonomy":"product_brand","embeddable":true,"href":"https:\/\/klaudijadent.com\/webshop\/wp-json\/wp\/v2\/product_brand?post=1773"},{"taxonomy":"product_cat","embeddable":true,"href":"https:\/\/klaudijadent.com\/webshop\/wp-json\/wp\/v2\/product_cat?post=1773"},{"taxonomy":"product_tag","embeddable":true,"href":"https:\/\/klaudijadent.com\/webshop\/wp-json\/wp\/v2\/product_tag?post=1773"}],"curies":[{"name":"wp","href":"https:\/\/api.w.org\/{rel}","templated":true}]}}